e 5*i + 3 = 38. Let f(g) = 2*g + 20*g**3 - i*g**2 + 14*g**2 - 19*g**3 - 1. What are the prime factors of f(-6)?
23
Let w be 2688*((-35)/10 - -4). Suppose -z + 9*z = w. What are the prime factors of z?
2, 3, 7
Let k(w) = w**3 + 21*w**2 - 49*w - 42. List the prime factors of k(-23).
3
Let q(x) be the third derivative of -13*x**4/24 - 5*x**3/6 + x**2. Let u be ((-96)/72)/((-3)/(-9)). What are the prime factors of q(u)?
47
Suppose 33 = k + 5*x, -17*k = -12*k + 4*x - 186. List the prime factors of k.
2, 19
Suppose -z + 111 = -5*l, 5*z = 3*l + 388 + 79. Suppose 2*t - 4*c - 70 = -t, -4*t + 3*c = -z. What are the prime factors of t?
2, 11
Suppose 2*u = -5*d + 2547, 0 = d - 0 + 5. List the prime factors of u.
2, 643
Let z = 16 - 12. Suppose 2*j = -2*k + 24, -j - z*k + 19 = 4. Let w = j - -13. List the prime factors of w.
2, 3
Suppose -6*t - 909 = -15*t. What are the prime factors of t?
101
Suppose 17 = 3*c + 4*u, 2*u = 3*c - 2*c - 9. Let v = c - 6. List the prime factors of 110*v*7/14.
5, 11
Let c(v) = v**2 + 2*v + 2. Let w be c(-3). Suppose 8 = -w*m + 28. Suppose 0*d = -5*b + 2*d + 22, 4*b + m*d - 12 = 0. What are the prime factors of b?
2
Let n(i) = -6*i - 30. Let x(s) = -s - 1. Let y(m) = -n(m) + 5*x(m). What are the prime factors of y(-14)?
11
Let y(n) = -n + 13. Let p be y(0). Let c = p - 13. Suppose 3*b + 5 = 2*g, -5*g + c + 25 = -5*b. What are the prime factors of g?
2, 5
Suppose -5*h - k = 18, 4*h - 3*k - k = 0. Let m be (-1)/(-3) - (-91)/h. Let x = 54 + m. List the prime factors of x.
2, 3
Suppose -4*p = -6*p - 4. What are the prime factors of (2 + p - -2) + 4?
2, 3
Suppose 4*m - 16992 = 8*m. What are the prime factors of (-4)/14 - m/21?
2, 101
Suppose 3*m + 4*j - 404 = 0, -j + 660 = 5*m + 3*j. Let v = m + -61. What are the prime factors of v?
67
Suppose 2*h + 10030 = 3*l, -20*l + 2*h = -18*l - 6690. List the prime factors of l.
2, 5, 167
Suppose -5*p + 2*a - 292 + 1855 = 0, 0 = -a - 4. What are the prime factors of p?
311
Suppose 0 = -4*l + 20, j + 3*j - 6756 = 4*l. What are the prime factors of j?
2, 7, 11
Suppose 12657 - 79369 = -31*w. What are the prime factors of w?
2, 269
What are the prime factors of 0 - (-83)/(-2)*-10?
5, 83
Let w = 1 - -4. Suppose -w*j + 27 = -3. List the prime factors of j.
2, 3
Suppose -32*k = -4*v - 35*k + 8199, k = -3*v + 6143. What are the prime factors of v?
2, 3, 11, 31
Suppose 0 = 5*g - 0*g + 2485. What are the prime factors of 11/66 + g/(-6)?
83
Let n be (-130)/(-6) - (-1)/(12/(-8)). What are the prime factors of (56/n)/(8/396)?
2, 3, 11
Let y(w) = -661*w + 138. List the prime factors of y(-5).
11, 313
Let r = 2459 - -859. List the prime factors of r.
2, 3, 7, 79
Let a = -5 - -5. Suppose -f - 5*f + 198 = a. What are the prime factors of f?
3, 11
Suppose -2*o = 5*g - 144, 6*o - 2*o + 72 = 2*g. Let i be (-19 + 18)/(1/g). Let c = -13 - i. List the prime factors of c.
17
Let f(g) = g**2 + 2*g - 6. Let n(y) = -4*y + 1. Let r be n(2). Let i be r - (-3 + 4 + 1). List the prime factors of f(i).
3, 19
Let g = 110 + -240. Let v(n) = 25*n + 15. Let u be v(-4). Let m = u - g. What are the prime factors of m?
3, 5
What are the prime factors of (-1199)/(-9) + 260/45 + -6?
7, 19
List the prime factors of (924/(-63))/((-3)/(1458/3)).
2, 3, 11
Suppose -5*m - 2*q = -3*m - 100, 4*m = 3*q + 228. Let r = m + 60. What are the prime factors of r?
2, 3, 19
Let v(i) = -2*i**2 + 35*i + 19. Let t be v(17). Let a = 56 + -27. Let j = a + t. What are the prime factors of j?
5, 13
Let p(u) be the second derivative of -7*u**3/3 - 77*u**2/2 - 3*u - 3. What are the prime factors of p(-25)?
3, 7, 13
List the prime factors of 1630 - (50 - 47 - (-1 - -1)).
1627
Let o(m) = -m + 14. Let h be o(4). Suppose h*d - 12*d + 28 = 0. What are the prime factors of d?
2, 7
Let v(y) be the second derivative of y**4/12 - 13*y**3/6 - 17*y**2/2 + 12*y. What are the prime factors of v(16)?
31
List the prime factors of -2*(-3966)/(-72)*-6.
661
Let l(v) = 297*v**3 - 1. Let q be l(1). Suppose -q = -4*c + 432. List the prime factors of c.
2, 7, 13
Let h(p) = -2*p - 12. Let o(u) = u**2 - 12*u - 16. Let s be o(12). Let q = -28 - s. List the prime factors of h(q).
2, 3
Suppose -208 = -4*n - 544. Let o be (6/4)/((-6)/n). Suppose 3*j - 4*h - 28 = -j, 0 = 3*j + 2*h - o. What are the prime factors of j?
7
Suppose 5*r - r + 292 = 0. Let x = -33 - r. What are the prime factors of x?
2, 5
Let r(b) = -2*b**3 - 3*b**2 - b + 4. Let s be r(-4). Let y = 107 - s. What are the prime factors of y?
19
Let q = -105 + 152. Let w = 107 - q. What are the prime factors of w?
2, 3, 5
Let c be 6 + -2*4/8. Suppose -34 = c*y - 6*y. Suppose y = -2*f + 98. List the prime factors of f.
2
List the prime factors of ((-81)/243)/((-2)/1362).
227
Suppose 3*k - 5*y - 5 = -17, k + 14 = 5*y. List the prime factors of (k + 17)/(5/((-140)/(-8))).
3, 7
Let d(w) = w**3 + 16*w**2 + 14*w - 13. Let b be d(-15). List the prime factors of 40 + (3 - 0 - b).
41
Let y be (-2)/6*2 - 47980/(-60). Suppose 412 + y = 7*x. List the prime factors of x.
173
Let t(u) = -7*u - 61. Let i be t(-15). Let s = 198 - i. What are the prime factors of s?
2, 7, 11
Suppose -43 = -4*u + 117. Let b = 7 + u. List the prime factors of b.
47
Suppose 0*t + 3*t - 47 = -5*k, 0 = -2*t + 4*k + 24. Let q be (-20)/70 - (-88)/t. What are the prime factors of (-48)/(q*1/(-4))?
2
Let x(v) = v**3 - 8*v**2 + v - 11. Let z = 25 + -15. Let p be x(z). Suppose -5*t + p = 9. What are the prime factors of t?
2, 19
Let u(n) be the first derivative of -n**4/4 + 3*n**3 - 4*n**2 + 4*n + 1. Let y be u(8). What are the prime factors of 29/(-2*(-2)/y)?
29
Suppose -5*u + r = -4*u - 229, 233 = u - 2*r. List the prime factors of u.
3, 5
Let z = 14 - 20. List the prime factors of ((-2)/(-6))/(z/(-1422)).
79
Suppose 2*n = -q, 0 = -5*q - n - 0*n + 18. Suppose -3*z + q*z - 20 = -y, -y = 4*z - 29. What are the prime factors of y?
17
Let y = -163 - -356. List the prime factors of y.
193
Suppose 0*w - 3*q - 3 = -2*w, 4*q + 4 = 5*w. Suppose x - 5 = -w*x. Let a = x + -2. List the prime factors of a.
3
Let c(l) = -l + 8. Let n be c(6). Suppose -n*j + 14 + 2 = 0. Suppose -2*i + 3*i = -4*s + 216, 2*i = j. List the prime factors of s.
53
What are the prime factors of (-10)/6*(24 - 1743)?
3, 5, 191
Suppose 2*q + 487 - 1747 = 3*x, -2*q - x + 1252 = 0. What are the prime factors of q?
3, 11, 19
Suppose -3*c - 10 = -2*c - 4*d, -2*c = 5*d - 19. Let p(x) = -x - 9*x - x - x**c - 6*x - 13. List the prime factors of p(-13).
3, 13
Let n = 12 + -7. Suppose -2*r = k - 6, 2*r - n*k = r + 14. What are the prime factors of (5 - -1)/(r/18)?
3
Let j(u) = -u**2 + 1. Let y(d) = -26*d**2 - 2*d + 10. Let n(r) = 12*j(r) - y(r). List the prime factors of n(-2).
2, 3
Let r be -2 - -3*(292/12 - -3). Suppose n - 5*p = r, 0 = 5*n - 5*p - 662 + 202. What are the prime factors of n?
5, 19
Let j be ((-18)/(-21))/((-1)/(-112)). Let b = -55 + j. What are the prime factors of b?
41
Let v = -366 - -944. What are the prime factors of v?
2, 17
Suppose -2*r - 21 = -7. Let w be (5 + r)*(-155)/2. Suppose 4*u - b - 79 = 54, 0 = -5*u - b + w. List the prime factors of u.
2
Let q be (28/(-14))/(1/(-3)). Suppose 3*b + b + q = z, -84 = -4*z + 4*b. What are the prime factors of z?
2, 13
Suppose -4*s - 2*m = 16, 0 = 5*s - 3*m - 2 + 33. Let d be -2 - -53 - (s + 2). Suppose 0 = n + 4 - d. What are the prime factors of n?
2, 5
Let m(g) = 13*g**2 + 2*g - 18. List the prime factors of m(5).
317
List the prime factors of 62/6 + -2 - (-7)/(-21).
2
Suppose -3629 = -4*n + a, n - 505 = -3*a + 386. What are the prime factors of n?
2, 3, 151
Let d = 148 + -84. Suppose -d*q = -62*q - 206. What are the prime factors of q?
103
Let a(w) = w**2 - 5*w + 8. List the prime factors of a(21).
2, 43
Let b = 961 + -531. Let j = b + -220. What are the prime factors of j?
2, 3, 5, 7
Suppose 5*n - 17 = -c + 6, n - 3*c + 5 = 0. Suppose -4*d - n = 0, 5*d - 7 = -2*a - 0*a. List the prime factors of (4/a)/((-6)/(-63)).
7
What are the prime factors of -19 + 16 + (1410 - -6)?
3, 157
Suppose -6*l + 3*l = 12. What are the prime factors of 17/34 - (-2)/(l/(-107))?
2, 3
Suppose -2*u = -0*u - 4*z - 24, -4*z = -u + 22. Suppose -10 = 2*s, -326 = -u*d - d - 5*s. List the prime factors of d.
3, 13
Let d = 10 + 648. List the prime factors of d.
2, 7, 47
Let r = 1